{"id":12,"date":"2026-02-27T07:45:13","date_gmt":"2026-02-27T07:45:13","guid":{"rendered":"https:\/\/potenzshopdeutschland.net\/?post_type=product&#038;p=12"},"modified":"2026-02-27T08:01:37","modified_gmt":"2026-02-27T08:01:37","slug":"sildalist-120mg-sildenafil-tadalafil-2-in-1-tabletten","status":"publish","type":"product","link":"https:\/\/potenzshopdeutschland.net\/?product=sildalist-120mg-sildenafil-tadalafil-2-in-1-tabletten","title":{"rendered":"Sildalist 120mg"},"content":{"rendered":"<p>Der Kauf von Sildalist 120 mg ist ein zuverl\u00e4ssiger Weg, um mit heiklen Problemen umzugehen. Die einzigartige Zusammensetzung des Pr\u00e4parats sorgt f\u00fcr maximale Erfolgschancen im Bett. Die g\u00fcnstigsten Konditionen f\u00fcr den Einkauf von Sildalist in Deutschland gibt es nur in unserem Service. Wir bieten jedem Kunden einen erschwinglichen Preis, schnelle Lieferung.<\/p>\n<p>Im Leben jedes dritten Mannes tritt ein Moment auf, in dem die Aussicht auf Sex nicht positive, sondern negative Emotionen hervorruft. Ver\u00e4nderungen in der Einstellung zur Intimit\u00e4t werden am h\u00e4ufigsten mit erektiler Dysfunktion in Verbindung gebracht. Vertreter des st\u00e4rkeren Geschlechts, die sich des erfolgreichen Abschlusses des Abends nicht sicher sind, assoziieren Geschlechtsverkehr mit Stress und Entt\u00e4uschung.<\/p>\n<p>Damit Schwierigkeiten im Bett nicht zu psychischen Problemen f\u00fchren, ist es notwendig, Sildalist 120 mg zu kaufen. Das Medikament bietet einen fortschrittlichen Ansatz zur Bek\u00e4mpfung der erektilen Dysfunktion. Jede Tablette enth\u00e4lt 2 Wirkstoffe, die die therapeutische Wirkung deutlich verst\u00e4rken. Generikum beseitigt bei mehr als 94% der M\u00e4nner St\u00f6rungen des Fortpflanzungssystems.<\/p>\n<p>Was ist Sildalist?<br \/>\nPhosphodiesterase-5 (PDE-5)-Hemmer sind die modernsten Medikamente gegen erektile Dysfunktion. Sie regulieren teilweise die Arbeit des Herz-Kreislauf-Systems und sorgen f\u00fcr einen konstanten Blutfluss zu den Beckenorganen. Medikamente haben eine vor\u00fcbergehende Wirkung, aber bei richtiger Einnahme ist ein Mann in der Lage, normale intime Beziehungen aufrechtzuerhalten.<\/p>\n<p>Lange Zeit glaubte man, dass die Kombination von PDE-5-Hemmern ein Gesundheitsrisiko darstellt. Diese Information wurde von Apothekern der Firma Cipla dementiert. Seit mehr als einem Jahr wurde ein neues Medikament Sildalist, das 2 Arzneistoffe enth\u00e4lt, getestet: Sildenafil (Viagra) und Tadalafil (Cialis). Studien haben gezeigt, dass die Wirkstoffkombination keine Funktionsst\u00f6rungen des m\u00e4nnlichen K\u00f6rpers verursacht. Gleichzeitig hat ein Generikum gegen\u00fcber Markenarzneimitteln unbestreitbare Vorteile:<\/p>\n<p>es beginnt ab dem ersten Empfang zu wirken;<br \/>\nes kommt besser mit schwerer erektiler Dysfunktion zurecht.<br \/>\nNutzen Sie das Angebot, Sildalist in Deutschland zu kaufen, und Ihr Erste-Hilfe-Set hat den st\u00e4rksten Potenzverst\u00e4rker. Eine Tablette erm\u00f6glicht einen ununterbrochenen Betrieb des Fortpflanzungssystems f\u00fcr 36 Stunden.<\/p>\n<p>Wof\u00fcr wird Sildalist verschrieben?<br \/>\nSildalist liefert hervorragende Ergebnisse bei sexuellen Funktionsst\u00f6rungen, die durch physiologische Faktoren verursacht werden. Altersbedingte Ver\u00e4nderungen des K\u00f6rpers und Durchblutungsst\u00f6rungen werden Sie nicht daran hindern, nach Einnahme der Pille eine Erektion zu erreichen. Generikum hilft auch bei intimen Problemen, die verursacht werden durch:<\/p>\n<p>neurologische St\u00f6rungen;<br \/>\nExposition gegen\u00fcber Medikamenten;<br \/>\n\u00dcbergewicht;<br \/>\nHypertonie der Gef\u00e4\u00dfe des Penis;<br \/>\nregelm\u00e4\u00dfiges Rauchen oder Alkoholkonsum.<br \/>\nIn Deutschland wird Sildalist haupts\u00e4chlich M\u00e4nnern verschrieben, die die F\u00e4higkeit verloren haben, selbstst\u00e4ndig die Bereitschaft zum Sex zu erreichen. Das Medikament kann jedoch auch bei Patienten mit weniger schweren Manifestationen der Erkrankung eingenommen werden. Generikum wird verwendet, um die Festigkeit des Penis und die Unf\u00e4higkeit, eine normale Erektion bis zum Ende des Geschlechtsverkehrs aufrechtzuerhalten, zu reduzieren.<\/p>\n<p>Erektile Dysfunktion signalisiert nicht immer ein ernsthaftes Gesundheitsproblem. Schwierigkeiten im Bett k\u00f6nnen durch Stress, \u00dcberarbeitung, l\u00e4ngere Abstinenz und andere Gr\u00fcnde verursacht werden. Die Einnahme von Slildalist 120 mg wird Ihnen helfen, eine Abnahme des sexuellen Tonus zu vermeiden, bis sich Ihr psychischer Zustand verbessert.<\/p>\n<p>Anwendung und Dosierung von Sildalist<br \/>\nSildalist enth\u00e4lt hohe Dosen von PDE5-Hemmern:<\/p>\n<p>20 mg Tadalafil;<br \/>\n100 mg Sildenafil.<br \/>\nEs wird nicht empfohlen, mehr als 1 Tablette pro Tag einzunehmen. Eine Erh\u00f6hung der Dosis ist nur bei einem K\u00f6rpergewicht von mehr als 100 kg und nach R\u00fccksprache mit einem Arzt zul\u00e4ssig. Bei zu hoher Wirkstoffkonzentration im Blut besteht die Gefahr schwerer Nebenwirkungen. Die regelm\u00e4\u00dfige Einnahme hochdosierter Medikamente ohne fach\u00e4rztliche Zustimmung kann der Gesundheit schaden.<\/p>\n<p>Bei leichten Lebererkrankungen oder kleineren Potenzproblemen ist die Einnahme einer halben Tablette erforderlich. Bei \u00e4lteren Patienten, die sexuell aktiv sind, kann auch eine Korrektur der Behandlung erforderlich sein. Nach 65 Jahren f\u00fchrt die Einnahme der maximalen Dosis des Arzneimittels 2-3 Mal pro Woche zu einer erh\u00f6hten Belastung des Herz-Kreislauf-Systems.<\/p>\n<p>Sildalist 120 mg ist in 25-40 Minuten wirksam. Berechnen Sie die Zeit f\u00fcr die Einnahme des Medikaments, damit es vor dem Geschlechtsverkehr Zeit hat, zu wirken. Schlucken Sie die Tablette (oder die H\u00e4lfte davon) im Ganzen und trinken Sie 150-200 ml Wasser. Nehmen Sie das Arzneimittel nicht ein, wenn Sie in den n\u00e4chsten 24 Stunden keinen Geschlechtsverkehr haben m\u00f6chten.<\/p>\n<p>W\u00e4hrend der Wirkung eines Generikums m\u00fcssen kleine Anpassungen an der Ern\u00e4hrung vorgenommen werden. Sildenafil und Tadalafil sind mit Grapefruit nicht kompatibel. Stellen Sie sicher, dass keine Zitrusfr\u00fcchte in der Nahrung enthalten sind. Wer schneller eine Erektion erreichen m\u00f6chte, sollte vor der Einnahme der Pille besser auf fettige und schwer verdauliche Speisen verzichten.<\/p>\n<p>In Deutschland wird Sildalist nicht f\u00fcr M\u00e4nner verschrieben, bei denen eine schwere Herz-Kreislauf-Erkrankung, Leberzirrhose, Penisdeformit\u00e4t oder Netzhautdystrophie diagnostiziert wurde. Es ist verboten, das Generikum mit anderen Potenzmitteln zu kombinieren.<\/p>\n<p>Wie wirkt das Medikament?<br \/>\nPDE-5-Hemmer verbessern die Durchblutung der Genitalien. Die Wirkstoffe erweitern die Gef\u00e4\u00dfe im Beckenbereich und sorgen f\u00fcr eine maximale F\u00fcllung der Schwellk\u00f6rper des Penis mit Blut. Die kombinierte Wirkung von Sildenafil und Tadalafil erm\u00f6glicht es Ihnen, bei 94,4% der M\u00e4nner erektile Dysfunktion zu \u00fcberwinden. Die Wirkstoffkombination zeichnet sich nicht nur durch Zuverl\u00e4ssigkeit, sondern auch durch eine lang anhaltende Wirkung aus. Das Medikament wirkt 36 Stunden lang und tr\u00e4gt auch bei schwacher sexueller Erregung zum Auftreten einer Erektion bei.<\/p>\n<p>Sildalist 120 mg zu kaufen ist empfehlenswert f\u00fcr M\u00e4nner, die Angst vor den negativen Auswirkungen von Potenzmitteln auf die Gesundheit haben. Die Bestandteile des Arzneimittels werden innerhalb von 48-60 Stunden vollst\u00e4ndig aus dem K\u00f6rper entfernt, ohne Pathologien des Herz-Kreislauf-Systems oder der Leber zu verursachen.<\/p>\n<p>Nebenwirkungen<br \/>\nDie Wahrscheinlichkeit von Nebenwirkungen bleibt trotz der Anwesenheit von zwei Wirkstoffen in der Zusammensetzung gering. In etwa 14% der F\u00e4lle verursacht das Medikament eine Durchblutung des Oberk\u00f6rpers, begleitet von Kopfschmerzen, Gesichtsr\u00f6tung und Schwindel. Dyspepsie, verstopfte Nase und Myalgie treten viel seltener auf.<\/p>\n<p>Bei 0,13% der M\u00e4nner st\u00f6rt das Medikament den Blutabfluss aus dem Penis. Die St\u00f6rung f\u00fchrt zu einer verl\u00e4ngerten Erektion, die manchmal von schmerzhaften Empfindungen begleitet wird. Wenn Sie bemerken, dass Ihr Penis l\u00e4nger als 3 Stunden angespannt bleibt, suchen Sie einen Arzt auf.<\/p>\n<p>K\u00f6nnen Frauen das Medikament einnehmen?<br \/>\nTrotz fehlender zuverl\u00e4ssiger Forschung ist der Hersteller der Meinung, dass Sildalist 120 mg eine zu starke Wirkung auf den weiblichen K\u00f6rper hat. Die Einnahme von Medikamenten kann nicht nur Nebenwirkungen hervorrufen, sondern auch ihrer Gesundheit schaden. Daher wird die Verwendung des Arzneimittels nur f\u00fcr erwachsene M\u00e4nner empfohlen.<\/p>\n<p>Darf man nach der Einnahme von Sildalist 120 mg Auto fahren?<\/p>\n<p>Das F\u00fchren von Fahrzeugen w\u00e4hrend der Wirkung eines Medikaments ist nicht verboten. Wenn Sie sich nach der Einnahme der Pille schwindelig f\u00fchlen, beenden Sie vor\u00fcbergehend eine Arbeit, die ein Gesundheitsrisiko darstellt.<\/p>\n<p>Kompatibilit\u00e4t von Medikamenten gegen erektile Dysfunktion mit Alkohol<br \/>\nBei der Anwendung von Sildalist 120 mg muss der Alkoholkonsum eingeschr\u00e4nkt werden. In den ersten 12 Stunden nach der Einnahme des Arzneimittels d\u00fcrfen bis zu 50 ml starke Getr\u00e4nke getrunken werden. In den n\u00e4chsten 24 Stunden betr\u00e4gt die zul\u00e4ssige Alkoholdosis 70-100 ml. Alkoholmissbrauch f\u00fchrt zu Orientierungslosigkeit, Schwindel, \u00dcbelkeit, Erbrechen und Ohnmacht.<\/p>\n<p>In welchen F\u00e4llen kann Sildalist 120 mg versagen?<\/p>\n<p>Generika hilft in solchen F\u00e4llen nicht, Potenzprobleme zu \u00fcberwinden:<\/p>\n<p>die Dosierung wurde falsch gew\u00e4hlt;<br \/>\nDie Blutversorgung des Penis ist aufgrund von Traumata oder angeborenen Fehlbildungen physiologisch unm\u00f6glich.<br \/>\nM\u00e4nner, die im Bett kein Risiko eingehen wollen, sollten Sildalist 120 mg kaufen. Auch in Situationen, in denen sich andere Behandlungsmethoden als wirkungslos erwiesen haben, versagt das moderne Potenzmittel nicht.<\/p>\n","protected":false},"excerpt":{"rendered":"<p>Der Kauf von Sildalist 120 mg ist ein zuverl\u00e4ssiger Weg, um mit heiklen Problemen umzugehen. Die einzigartige Zusammensetzung des Pr\u00e4parats sorgt f\u00fcr maximale Erfolgschancen im Bett. Die g\u00fcnstigsten Konditionen f\u00fcr den Einkauf von Sildalist in Deutschland gibt es nur in unserem Service. Wir bieten jedem Kunden einen erschwinglichen Preis, schnelle Lieferung. Im Leben jedes dritten [&hellip;]<\/p>\n","protected":false},"featured_media":13,"template":"","meta":[],"product_brand":[],"product_cat":[15],"product_tag":[],"class_list":{"0":"post-12","1":"product","2":"type-product","3":"status-publish","4":"has-post-thumbnail","6":"product_cat-uncategorized","8":"first","9":"instock","10":"shipping-taxable","11":"purchasable","12":"product-type-simple"},"tiered_pricing_type":"fixed","tiered_pricing_fixed_rules":[],"tiered_pricing_product_settings":{"layout":"default","base_unit_name":{"singular":null,"plural":null},"default_variation":null},"tiered_pricing_minimum_quantity":null,"tiered_pricing_roles_data":[],"tiered_pricing_percentage_rules":[],"_links":{"self":[{"href":"https:\/\/potenzshopdeutschland.net\/index.php?rest_route=\/wp\/v2\/product\/12","targetHints":{"allow":["GET"]}}],"collection":[{"href":"https:\/\/potenzshopdeutschland.net\/index.php?rest_route=\/wp\/v2\/product"}],"about":[{"href":"https:\/\/potenzshopdeutschland.net\/index.php?rest_route=\/wp\/v2\/types\/product"}],"wp:featuredmedia":[{"embeddable":true,"href":"https:\/\/potenzshopdeutschland.net\/index.php?rest_route=\/wp\/v2\/media\/13"}],"wp:attachment":[{"href":"https:\/\/potenzshopdeutschland.net\/index.php?rest_route=%2Fwp%2Fv2%2Fmedia&parent=12"}],"wp:term":[{"taxonomy":"product_brand","embeddable":true,"href":"https:\/\/potenzshopdeutschland.net\/index.php?rest_route=%2Fwp%2Fv2%2Fproduct_brand&post=12"},{"taxonomy":"product_cat","embeddable":true,"href":"https:\/\/potenzshopdeutschland.net\/index.php?rest_route=%2Fwp%2Fv2%2Fproduct_cat&post=12"},{"taxonomy":"product_tag","embeddable":true,"href":"https:\/\/potenzshopdeutschland.net\/index.php?rest_route=%2Fwp%2Fv2%2Fproduct_tag&post=12"}],"curies":[{"name":"wp","href":"https:\/\/api.w.org\/{rel}","templated":true}]}}